 what is 11000000011001 - -10001110?
11000010100111
In base 2, what is -1000001011000 - -101011000001101?
100010110110101
In base 15, what is -291 + 1e2?
-9e
In base 8, what is 11 - 200240?
-200227
In base 10, what is 30347 - 1108?
29239
In base 4, what is -10023211033 - -3?
-10023211030
In base 10, what is 20 + 221806?
221826
In base 9, what is -32231 + 828?
-31302
In base 10, what is -3 - -451324?
451321
In base 5, what is 3232034 - -1444?
3234033
In base 12, what is -25b8 + -25a?
-2856
In base 3, what is -110220102102212 + 20?
-110220102102122
In base 16, what is -5 + 7a2b58?
7a2b53
In base 16, what is 5 - -19dbea8?
19dbead
In base 11, what is 0 + -39719220?
-39719220
In base 16, what is -1a9de + -564?
-1af42
In base 13, what is 114c9b - b?
114c90
In base 6, what is 0 - 410321233?
-410321233
In base 2, what is 10101000100001110110000 - 100?
10101000100001110101100
In base 3, what is -11011001011 - 1221?
-11011010002
In base 15, what is -a2a9 - 27?
-a2d1
In base 8, what is -4 + -11743572?
-11743576
In base 13, what is 136a09a - -1?
136a09b
In base 10, what is 372 + 10715?
11087
In base 4, what is -3 - -30312333301?
30312333232
In base 6, what is -10 - -114335210?
114335200
In base 16, what is 2d7438 - -13?
2d744b
In base 2, what is 101101001111010011100100 - 10?
101101001111010011100010
In base 12, what is 1 + 4792760?
4792761
In base 3, what is 21 - 11102221000120?
-11102221000022
In base 6, what is -5135550 - -35?
-5135511
In base 15, what is -d141ad - 3?
-d141b1
In base 14, what is 57d2 + a72?
6464
In base 13, what is -145016 + 6?
-145010
In base 3, what is 10111021100011 - 20?
10111021022221
In base 12, what is 325 - 359a4?
-3567b
In base 6, what is 1505505 + 333?
1510242
In base 8, what is -1 - 3270332?
-3270333
In base 6, what is 145 - 1222010?
-1221421
In base 8, what is -7160 + -5574?
-14754
In base 8, what is 417503 + -4176?
413305
In base 7, what is 4540135121 + -3?
4540135115
In base 11, what is 7 + -26198570?
-26198564
In base 3, what is -1 - 112222012202?
-112222012210
In base 3, what is -102 - 122122001111?
-122122001220
In base 9, what is 11646405 - -24?
11646430
In base 13, what is -8 - a61ab?
-a61b6
In base 11, what is 4a7 + 2360?
2857
In base 7, what is 3322260 + -24?
3322233
In base 10, what is -40257934 - 0?
-40257934
In base 13, what is -154c86 - 15?
-154c9b
In base 7, what is -566 + -120335?
-121234
In base 2, what is 101001101101100001 - 100011000?
101001101001001001
In base 9, what is -14818508 - 2?
-14818511
In base 15, what is -2 - 3e1aa8e?
-3e1aa91
In base 4, what is 3303310010 - -1133?
3303311203
In base 2, what is 101011110010111100000 - 1?
101011110010111011111
In base 11, what is -4 + 1a5526a0?
1a552697
In base 5, what is -102 - 11300143241?
-11300143343
In base 5, what is -111320241 - 21211?
-111342002
In base 16, what is -5d094c - 1a?
-5d0966
In base 14, what is -6451d9 - -2?
-6451d7
In base 13, what is b4 - -c947?
ca2b
In base 11, what is -4394a8094 - -3?
-4394a8091
In base 4, what is -102121122200 + 1?
-102121122133
In base 9, what is 1022 - -1364?
2386
In base 10, what is 6 + 16127217?
16127223
In base 14, what is 3632 + -634?
2ddc
In base 3, what is 10022011210 + -122211?
10021111222
In base 12, what is 4 + 11167?
1116b
In base 8, what is -453347 - 563?
-454132
In base 2, what is -110101100010111011110 + 11?
-110101100010111011011
In base 10, what is -12553230 - -5?
-12553225
In base 9, what is 62041 - 126?
61814
In base 15, what is -b + -83562c?
-835638
In base 2, what is -11011 + -1000111101110100111110?
-1000111101110101011001
In base 13, what is -11312443 + -2?
-11312445
In base 7, what is -5 - 1003022?
-1003030
In base 9, what is 1243 - -107475?
108728
In base 16, what is -12f + 3c6ce?
3c59f
In base 16, what is 7 - -e41f?
e426
In base 13, what is -3980 + -517a?
-8b2a
In base 14, what is 10 + -8bbb8?
-8bba8
In base 6, what is -1200 - -340134?
334534
In base 3, what is 10012222201020020 + -1?
10012222201020012
In base 5, what is -134130010 - -11141?
-134113314
In base 7, what is -3 - -24312365?
24312362
In base 9, what is 1 + 12375545?
12375546
In base 15, what is -3873 - -3cb?
-3497
In base 14, what is 1545 - 53a5?
-3c60
In base 6, what is 313034552 - -55?
313035051
In base 13, what is -9 + -4bb6272?
-4bb627b
In base 7, what is -2 + -123345?
-123350
In base 2, what is -1 - 110101101110100001010011101?
-110101101110100001010011110
In base 14, what is 6a + 819a0?
81a2a
In base 7, what is -606165660 - -1?
-606165656
In base 8, what is -2342664 + -31?
-2342715
In base 12, what is -5b3 + 2bb17?
2b524
In base 13, what is a8936 + 158?
a8a91
In base 12, what is 22a08bb + 7?
22a0906
In base 13, what is -1 + 2b2b7?
2b2b6
In base 7, what is -35660 - -60?
-35600
In base 9, what is -26550 + -106?
-26656
In base 6, what is 150 - -55402020?
55402210
In base 2, what is -111111001101101 - -10010100010100?
-101100101011001
In base 3, what is -11220221212 - 101002022?
-12022001011
In base 6, what is -143525053 - -1403?
-143523250
In base 13, what is -81 + -4a2ca3?
-4a3054
In base 16, what is 200 + 3e2dd?
3e4dd
In base 15, what is 1 - d6bad0?
-d6bace
In base 4, what is -230012211021 + 10?
-230012211011
In base 14, what is 6079ca + 4?
6079d0
In base 7, what is -2201263 - 1?
-2201264
In base 7, what is 4226466 + 6?
4226505
In base 9, what is -171 - 507172?
-507353
In base 7, what is 1654043515 - -5?
1654043523
In base 3, what is 2010102002 + -2120?
2010022112
In base 6, what is 345235501 - -34?
345235535
In base 12, what is 122a8b8 - -b?
122a907
In base 4, what is -1200222220 + 111?
-1200222103
In base 14, what is -b6aa8 + b1?
-b69d7
In base 7, what is -1 + -2511132211?
-2511132212
In base 6, what is -350430 + 104244?
-242142
In base 2, what is -10000001111010 - -10101010000011?
101000001001
In base 2, what is -1010 - -1000000000001010000101001000?
1000000000001010000100111110
In base 16, what is 0 + -1a83e83?
-1a83e83
In base 4, what is -12 - 303023130023?
-303023130101
In base 9, what is 58013760 - 1?
58013758
In base 13, what is -3 + 1a704?
1a701
In base 7, what is -3 - 10454534?
-10454540
In base 10, what is -12 + -1925018?
-1925030
In base 2, what is -11000010110101111 + 100001000011?
-10111110101101100
In base 7, what is -1663124 - -4?
-1663120
In base 16, what is -2a + -1717087?
-17170b1
In base 16, what is -1df6a - 43?
-1dfad
In base 10, what is -1613615 + -3?
-1613618
In base 15, what is -1b620 - -cb?
-1b544
In base 15, what is -4e35104 - 1?
-4e35105
In base 13, what is 49 + -b52c65?
-b52c19
In base 15, what is 2 + 2327914?
2327916
In base 5, what is 1 - -3141002102?
3141002103
In base 9, what is 262025 - -2?
262027
In base 16, what is -555f - -b48?
-4a17
In base 15, what is -25 + -2bdc32?
-2bdc57
In base 5, what is 420022000 - 2013?
420014432
In base 13, what is 5 + 149a0067?
149a006c
In base 13, what is ca440502 - -3?
ca440505
In base 3, what is 101020121211212220 + 12?
101020121211220002
In base 3, what is 101012 + -10010212212?
-10010111200
In base 14, what is -4 - -37143b1?
37143ab
In base 16, what is 6 - 3ec111b?
-3ec1115
In base 14, what is 112 - 54a1?
-538d
In base 4, what is -102101132310 + 3?
-102101132301
In base 4, what is 10 + -32002202023?
-32002202013
In base 6, what is -11 - -5401351?
5401340
In base 6, what is -1442412111 - 10?
-1442412121
In base 15, what is -8bdaa - -57?
-8bd53
In base 7, what is 44 - -14660053?
14660130
In base 8, what is 314065066 - -1?
314065067
In base 4, what is 130102003330 - 122?
130102003202
In base 3, what is 111022210120 + -10?
111022210110
In base 11, what is 60 - -5a7467?
5a7517
In base 16, what is 7cde + -5e4?
76fa
In base 4, what is -12213230 + 13301?
-12133323
In base 12, what is -8b + 20539?
2046a
In base 3, what is 111202212111221 - 2?
111202212111212
In base 7, what is -422 + 51660026?
51656304
In base 6, what is 113215252245 - -3?
113215252252
In base 16, what is 129c9 + a99?
13462
In base 13, what is -ab474 + 707?
-aaa6a
In base 6, what is 322221124 - 201?
322220523
In base 4, what is -33 + -20122012012?
-20122012111
In base 2, what is -101111000111 + -1011111111111100?
-1100101111000011
In base 5, what is 10 - -222420331?
222420341
In base 16, what is -6025 - e9?
-610e
In base 7, what is 26304226 - -1556?
26306115
In base 3, what is 1101102 - 2011220011